 What is v(6)?
-341
Let l(j) = j**2 + 414*j + 7. What is l(0)?
7
Let n(r) = 15946*r + 47834. Determine n(-3).
-4
Let c(i) = -i**3 + 115*i**2 - 167*i + 19207. Calculate c(115).
2
Let i(a) = -11*a**2 - 19*a + 245. Give i(4).
-7
Let c(y) = 6*y**2 + 183*y + 89. Determine c(-30).
-1
Let l(a) = 4*a**3 - 14*a**2 - 53*a + 7. Calculate l(-3).
-68
Let m(o) = -2*o**3 - 6*o**2 + 103*o + 390. What is m(-4)?
10
Let y(m) = -16*m**2 + 70*m - 30. Give y(4).
-6
Let o(p) = -250*p**2 + p + 5. What is o(0)?
5
Let z(q) = q**2 - 29*q + 253. Determine z(12).
49
Let t(c) = -8163*c - 8161. Determine t(-1).
2
Let b(w) = 386*w + 190. Give b(0).
190
Let o(x) = 144*x + 1144. Calculate o(-9).
-152
Let q(s) = 5*s**2 + 59*s - 2. What is q(-9)?
-128
Let u(h) = -16*h**2 - 42*h - 36. Calculate u(-7).
-526
Let w(d) = -13*d**3 - 4*d**2 + 5*d. Calculate w(2).
-110
Let j(t) = -t**2 - 36*t - 236. What is j(-10)?
24
Let j(l) = -186*l**3 - 2*l**2 - 2*l + 3. What is j(1)?
-187
Let q(d) = -84*d**2 + 219*d + 101. Calculate q(3).
2
Let c(q) = 23*q**2 + 97*q + 7. Calculate c(-4).
-13
Let h(o) = o**3 + 13*o**2 + 3*o - 26. Determine h(-12).
82
Let z(d) = -7*d + 441. Determine z(66).
-21
Let i(k) = 2*k**3 - 2*k + 10. Calculate i(2).
22
Let b(r) = 43*r + 1277. What is b(-30)?
-13
Let v(m) = -m**2 + 48*m - 606. Calculate v(31).
-79
Let w(l) = 2750*l**2 + 57750*l - 6. Give w(-21).
-6
Let n(h) = 14*h**3 + 18*h**2 - 5*h. What is n(-2)?
-30
Let g(h) = -929*h + 12997. Give g(14).
-9
Let y(q) = -9*q**2 - 114*q - 46. Give y(-13).
-85
Let q(l) = -6*l**3 + 33*l**2 - 5*l + 21. What is q(6)?
-117
Let j(h) = -51*h - 85. Give j(-3).
68
Let a(p) = -p**3 + 11*p**2 - 12*p - 39. Determine a(3).
-3
Let y(z) = 6*z**3 - 252*z**2 + 2*z - 86. Give y(42).
-2
Let z(c) = -c**3 + 2*c**2 - 39*c + 158. Determine z(5).
-112
Let r(m) = -3*m - 84. Determine r(-30).
6
Let h(j) = j**3 + 32*j**2 + 59*j + 97. What is h(-30)?
127
Let g(r) = 19*r + 77. Give g(-5).
-18
Let w(z) = 60*z + 375. Calculate w(-7).
-45
Let j(z) = 5*z**2 + 225*z - 223. Determine j(1).
7
Let v(o) = 6*o**3 + 20*o**2 - 14*o + 9. Give v(-4).
1
Let j(o) = -51*o + 295. Give j(7).
-62
Let m(f) = -2*f**3 + 146*f**2 - 142*f - 152. Give m(72).
-8
Let c(x) = -612*x**2 + 1843*x - 6. Determine c(3).
15
Let q(k) = 3*k**2 - 7*k - 32. What is q(-10)?
338
Let b(r) = r**2 + 14*r - 245. Determine b(10).
-5
Let n(s) = -13026*s - 78148. What is n(-6)?
8
Let h(q) = -3*q**2 - 33*q - 111. What is h(-4)?
-27
Let s(h) = -1142*h + 19404. Determine s(17).
-10
Let i(v) = v**3 - 2*v**2 + 4*v + 22. Calculate i(9).
625
Let r(p) = -66*p - 132. Calculate r(-2).
0
Let o(u) = 10*u**2 + 171*u + 89. Calculate o(-18).
251
Let s(x) = -45*x - 353. Give s(-7).
-38
Let p(m) = -2*m**3 + 16*m**2 - 12*m + 22. Determine p(8).
-74
Let j(q) = 80*q + 1337. What is j(-19)?
-183
Let h(f) = -f**3 - 16*f**2 + 44*f + 106. Give h(-18).
-38
Let u(b) = 28*b - 481. Calculate u(34).
471
Let t(b) = -b**2 - 6*b - 83. What is t(-11)?
-138
Let j(t) = 5*t**2 + 555*t - 3517. Determine j(-117).
-7
Let p(l) = 1256*l - 27648. Determine p(22).
-16
Let s(i) = -2*i**2 + 18*i + 419. Calculate s(-10).
39
Let v(q) = -161*q**2 + 22*q - 21. Give v(1).
-160
Let v(k) = 3*k**3 + 16*k**2 + 94*k + 378. Calculate v(-4).
66
Let a(f) = f**2 - 20*f + 133. Calculate a(18).
97
Let q(j) = 4*j**2 - 522*j - 728. Determine q(132).
64
Let w(h) = -6*h**2 - 1339*h + 2474. Calculate w(-225).
-1
Let u(m) = -3*m**2 + 21*m - 5. Give u(7).
-5
Let r(f) = 167*f + 12669. Give r(-76).
-23
Let y(z) = 5*z**2 - 28*z + 105. What is y(4)?
73
Let n(q) = 105*q + 4500. Determine n(-43).
-15
Let k(b) = -2*b + 79. What is k(35)?
9
Let j(l) = -l**3 - 64*l**2 + 104*l + 2534. Determine j(-65).
-1
Let m(q) = -17*q + 418. Calculate m(21).
61
Let r(v) = 6*v + 46. Give r(-12).
-26
Let z(l) = -l**2 - 55*l - 414. Determine z(-47).
-38
Let b(l) = l**2 - 12. Calculate b(7).
37
Let k(q) = 3*q**2 - 46*q + 96. Give k(11).
-47
Let a(n) = -452*n - 3992. What is a(-10)?
528
Let a(z) = -122*z + 891. What is a(11)?
-451
Let z(h) = -h**2 - 7*h - 119. Give z(-8).
-127
Let z(m) = 5744*m - 57433. What is z(10)?
7
Let t(r) = -43*r - 6065. What is t(-141)?
-2
Let q(n) = -72*n + 554. What is q(8)?
-22
Let t(k) = -k**3 + k**2 - 6*k + 84. Give t(0).
84
Let y(u) = 2*u + 39. Give y(-26).
-13
Let d(l) = -l**3 + 12*l**2 + 234*l + 409. Determine d(-2).
-3
Let l(a) = -546*a + 2615. Calculate l(5).
-115
Let q(v) = -541*v + 5944. What is q(11)?
-7
Let k(h) = 2*h**2 - 253*h + 760. Calculate k(3).
19
Let f(s) = 14*s - 487. Calculate f(34).
-11
Let x(s) = 4*s**3 + 267*s**2 - 343*s - 205. Give x(-68).
-1
Let v(l) = 25*l**2 - 75*l - 1001. Calculate v(8).
-1
Let d(i) = 25*i + 161. Give d(-7).
-14
Let l(r) = 91*r + 5054. What is l(-57)?
-133
Let i(t) = -710*t + 8499. Calculate i(12).
-21
Let t(k) = k**3 + 32*k**2 - 70*k - 56. Determine t(-34).
12
Let u(f) = -f**3 + 107*f**2 - 304*f - 814. Determine u(104).
18
Let j(l) = -l**2 + 28*l + 173. What is j(19)?
344
Let w(t) = 11*t**2 + 3104*t - 2533. Give w(-283).
14
Let a(h) = -326*h - 1582. What is a(-5)?
48
Let x(t) = 4*t**2 + 76*t + 64. Give x(-21).
232
Let u(k) = 58*k - 725. Give u(13).
29
Let c(u) = 142*u - 430. Calculate c(3).
-4
Let g(b) = 33*b - 164. What is g(17)?
397
Let o(f) = -77*f - 3147. Calculate o(-41).
10
Let h(y) = 5*y**2 + 157*y + 336. Calculate h(-31).
274
Let x(h) = -46*h + 215. Determine x(5).
-15
Let v(b) = b**3 + 28*b**2 + 6*b + 934. Give v(-29).
-81
Let c(i) = i**2 - 72*i + 588. Give c(63).
21
Let o(b) = -22*b**2 + 53*b + 44. Give o(3).
5
Let n(w) = -108*w + 994. Calculate n(10).
-86
Let s(o) = -5*o - 300. Give s(-59).
-5
Let r(y) = -2*y**3 + 2*y**2 + 12*y + 21. What is r(-2)?
21
Let u(s) = 3*s**2 + 43*s + 145. Give u(-9).
1
Let q(w) = -10*w - 119. Calculate q(-11).
-9
Let k(p) = -213*p - 859. What is k(-4)?
-7
Let l(n) = -3*n**2 - 66*n - 36. Calculate l(-21).
27
Let m(i) = 12*i - 74. Determine m(26).
238
Let f(y) = -y**3 + 27*y**2 + 30*y - 28. Calculate f(28).
28
Let n(h) = 2*h**2 + 34*h + 35. What is n(-12)?
-85
Let o(j) = -2*j**3 - 89*j**2 + 37*j - 349. What is o(-45)?
11
Let k(l) = -l**3 + 181*l**2 + 1714*l + 64. What is k(-9)?
28
Let m(r) = -5*r**2 - 104*r - 40. What is m(-20)?
40
Let o(s) = 330*s + 5267. Determine o(-16).
-13
Let z(w) = -w**2 + 12*w - 55. Give z(8).
-23
Let a(r) = 43*r**2 - 952*r + 4. Give a(22).
-128
Let g(b) = 78*b + 4061. What is g(-52)?
5
Let j(o) = 6*o**3 + 4*o - 10. Determine j(2).
46
Let u(d) = -18*d**2 - 23*d + 53. Calculate u(2).
-65
Let b(s) = -372*s - 55804. What is b(-150)?
-4
Let v(o) = -4*o**2 - 3*o - 27. Determine v(-7).
-202
Let i(p) = -164*p - 3125. Give i(-19).
-9
Let p(a) = a**2 - 701*a - 2. What is p(0)?
-2
Let g(b) = -b**2 - 351*b - 12969. Give g(-42).
9
Let x(r) = 165*r + 714. Determine x(-3).
219
Let w(j) = 4*j**3 + 19*j**2 - 4*j - 62. Give w(-6).
-218
Let d(p) = 2*p**2 - 188*p + 1979. Give d(82).
11
Let g(h) = -6*h**2 - 111*h - 27. Give g(-11).
468
Let k(z) = -z**3 - 7*z**2 - 10*z - 2. Calculate k(-2).
-2
Let t(f) = -f**3 + 27*f**2 - 108*f - 396. Calculate t(21).
-18
Let t(l) = l**2 + 26*l + 105. Give t(-29).
192
Let y(s) = s**2 - 55*s + 790. Determine y(25).
40
Let h(m) = m**3 - 7*m**2 - 4*m - 42. Calculate h(8).
-10
Let j(c) = 26*c**2 + 339*c + 13. Calculate j(-13).
0
Let y(i) = i**3 - 16*i**2 - 3*i - 100. Calculate y(0).
-100
Let p(q) = q**3 + 11*q**2 + 33*q + 19. Give p(-3).
-8
Let c(r) = -3*r**3 - 19*r**2 - 11*r - 2. Give c(-6).
28
Let i(h) = h**2 + 68*h - 1363. What is i(17)?
82
Let r(o) = o**3 - 11*o**2 + 28*o - 12. Determine r(8).
20
Let x(k) = -k**3 - 2*k**2 + k - 26. Give x(-4).
2
Let b(o) = 5*o**2 + 183*o + 110. Calculate b(-36).
2
Let o(b) = b**3 + 3*b + 384. Calculate o(0).
384
Let t(n) = -3*n**2 - 31*n + 48. Give t(-8).
104
Let c(l) = -22*l - 1961. What is c(-89)?
-3
Let p(t) = 309*t - 3085. What is p(10)?
5
Let v(b) = b**2 - 66*b + 1131. Calculate v(24).
123
Let q(n) = 7*n**2 + 16*n + 55. Calculate q(-4).
103
Let j(a) = -a**3 + 8*a**2 + 4*a - 25. Determine j(7).
52
Let t(u) = -20*u + 93. Determine t(8).
-67
Let j(t) = 4*t**2 + 8*t - 103. What is j(8)?
217
Let m(n) = -n**2 - 32*n - 94. What is m(-24)?
98
Let g(k) = 85*k**2 + 1615*k + 6. Give g(-19).
6
Let g(x) = 18912*x - 113478. Determine g(6).
-6
Let z(y) = 3*y - 56. Determine z(7).
-35
Let y(t) = 2*t**2 - 31*t - 584. What is